usands digit of 954007?
9
What is the thousands digit of 5236977?
6
What is the units digit of 2835166?
6
What is the units digit of 14082?
2
What is the millions digit of 4303919?
4
What is the tens digit of 9059019?
1
What is the thousands digit of 6369244?
9
What is the tens digit of 679802?
0
What is the units digit of 22866635?
5
What is the units digit of 7767046?
6
What is the tens digit of 22837644?
4
What is the hundreds digit of 1827784?
7
What is the thousands digit of 440966?
0
What is the units digit of 1214853?
3
What is the tens digit of 19517207?
0
What is the units digit of 1444108?
8
What is the tens digit of 57567?
6
What is the tens digit of 85269?
6
What is the thousands digit of 1426864?
6
What is the hundred thousands digit of 9724194?
7
What is the units digit of 10128851?
1
What is the ten millions digit of 11567466?
1
What is the millions digit of 12155461?
2
What is the hundred thousands digit of 230280?
2
What is the tens digit of 9340878?
7
What is the ten thousands digit of 357555?
5
What is the units digit of 6022018?
8
What is the units digit of 272945?
5
What is the ten thousands digit of 64884?
6
What is the hundreds digit of 15613474?
4
What is the units digit of 13442470?
0
What is the hundreds digit of 445956?
9
What is the hundreds digit of 41823?
8
What is the ten thousands digit of 153673?
5
What is the hundred thousands digit of 6816821?
8
What is the ten thousands digit of 278085?
7
What is the tens digit of 28520037?
3
What is the ten thousands digit of 148873?
4
What is the tens digit of 8958561?
6
What is the hundred thousands digit of 2322411?
3
What is the thousands digit of 314636?
4
What is the tens digit of 170395?
9
What is the tens digit of 118427?
2
What is the ten thousands digit of 41616074?
1
What is the hundreds digit of 15145256?
2
What is the hundreds digit of 41131?
1
What is the tens digit of 2337704?
0
What is the hundred thousands digit of 3476879?
4
What is the hundreds digit of 638512?
5
What is the thousands digit of 222733?
2
What is the hundred thousands digit of 4627268?
6
What is the ten thousands digit of 143060?
4
What is the hundred thousands digit of 977577?
9
What is the ten thousands digit of 741620?
4
What is the hundreds digit of 956983?
9
What is the units digit of 7936144?
4
What is the ten thousands digit of 41006?
4
What is the tens digit of 5567067?
6
What is the ten thousands digit of 15605316?
0
What is the hundreds digit of 12930?
9
What is the tens digit of 5341616?
1
What is the millions digit of 1281876?
1
What is the hundred thousands digit of 368462?
3
What is the ten thousands digit of 23915352?
1
What is the tens digit of 231786?
8
What is the ten thousands digit of 177797?
7
What is the units digit of 16580408?
8
What is the tens digit of 4296036?
3
What is the thousands digit of 2718868?
8
What is the hundreds digit of 720729?
7
What is the units digit of 6737331?
1
What is the hundreds digit of 6721165?
1
What is the thousands digit of 4666115?
6
What is the ten thousands digit of 448889?
4
What is the tens digit of 1406170?
7
What is the units digit of 1051530?
0
What is the thousands digit of 2320881?
0
What is the tens digit of 14859?
5
What is the hundreds digit of 392475?
4
What is the millions digit of 6955489?
6
What is the units digit of 1268371?
1
What is the tens digit of 11992098?
9
What is the hundreds digit of 16324?
3
What is the tens digit of 167979?
7
What is the hundreds digit of 6605135?
1
What is the thousands digit of 70438?
0
What is the units digit of 653135?
5
What is the hundred thousands digit of 487190?
4
What is the thousands digit of 311384?
1
What is the ten millions digit of 33333092?
3
What is the units digit of 3003574?
4
What is the tens digit of 216080?
8
What is the millions digit of 3047158?
3
What is the hundreds digit of 450471?
4
What is the millions digit of 5344874?
5
What is the ten thousands digit of 926489?
2
What is the ten thousands digit of 445097?
4
What is the hundreds digit of 5557?
5
What is the thousands digit of 1723909?
3
What is the units digit of 1671149?
9
What is the thousands digit of 9813959?
3
What is the hundred thousands digit of 140155?
1
What is the tens digit of 97783?
8
What is the hundred thousands digit of 6421950?
4
What is the tens digit of 3619?
1
What is the hundred thousands digit of 5687833?
6
What is the thousands digit of 931426?
1
What is the hundreds digit of 47989?
9
What is the hundred thousands digit of 1979353?
9
What is the hundred thousands digit of 5541399?
5
What is the ten thousands digit of 1107186?
0
What is the ten thousands digit of 15096235?
9
What is the hundreds digit of 201715?
7
What is the ten thousands digit of 22195182?
9
What is the units digit of 322247?
7
What is the hundreds digit of 294109?
1
What is the units digit of 67906?
6
What is the units digit of 21836069?
9
What is the ten thousands digit of 1077435?
7
What is the thousands digit of 424669?
4
What is the millions digit of 20742765?
0
What is the tens digit of 111208?
0
What is the hundreds digit of 2240151?
1
What is the millions digit of 3947235?
3
What is the tens digit of 302674?
7
What is the tens digit of 464319?
1
What is the units digit of 804988?
8
What is the tens digit of 518819?
1
What is the hundreds digit of 847739?
7
What is the thousands digit of 81956?
1
What is the hundred thousands digit of 12015684?
0
What is the units digit of 4569804?
4
What is the ten thousands digit of 7266099?
6
What is the thousands digit of 28642030?
2
What is the thousands digit of 548359?
8
What is the thousands digit of 779208?
9
What is the units digit of 2925027?
7
What is the ten thousands digit of 197230?
9
What is the units digit of 104455?
5
What is the tens digit of 6338831?
3
What is the hundreds digit of 2303362?
3
What is the thousands digit of 6055786?
5
What is the hundred thousands digit of 1358482?
3
What is the ten thousands digit of 981205?
8
What is the thousands digit of 415306?
5
What is the tens digit of 979247?
4
What is the thousands digit of 21943785?
3
What is the units digit of 3231971?
1
What is the thousands digit of 8845943?
5
What is the ten thousands digit of 336929?
3
What is the hundred thousands digit of 6971748?
9
What is the millions digit of 1171197?
1
What is the thousands digit of 4308499?
8
What is the hundreds digit of 1031805?
8
What is the millions digit of 1547857?
1
What is the thousands digit of 991841?
1
What is the units digit of 1804834?
4
What is the hundreds digit of 927520?
5
What is the tens digit of 9147524?
2
What is the thousands digit of 2953903?
3
What is the hundreds digit of 1469757?
7
What is the ten thousands digit of 5263987?
6
What is the tens digit of 8506?
0
What is the hundred thousands digit of 9956520?
9
What is the millions digit of 1940221?
1
What is the ten thousands digit of 5250332?
5
What is the hundred thousands digit of 5278734?
2
What is the millions digit of 8853575?
8
What is the ten thousands digit of 1965130?
6
What is the units digit of 1162928?
8
What is the hundred thousands digit of 733033?
7
What is the hundreds digit of 82086?
0
What is the hundreds digit of 63872?
8
What is the thousands digit of 7307585?
7
What is the thousands digit of 4348?
4
What is the ten thousands digit of 4022741?
2
What is the tens digit of 497199?
9
What is the hundred thousands digit of 534932?
5
What is the tens digit of 3677272?
7
What is the ten thousands digit of 1071255?
7
What is the units digit of 2533096?
6
What is the units digit of 152798?
8
What is the ten thousands digit of 299719?
9
What is the hundred thousands digit of 166828?
1
What is the hundred thousands digit of 4732274?
7
What is the tens digit of 2006444?
4
What is the thousands digit of 1209989?
9
What is the hundreds digit of 2944552?
5
What is the tens digit of 2316447?
4
What is the tens digit of 2293054?
5
What is the millions digit of 6181839?
6
What is the tens digit of 12577478?
7
What is the hundred thousands digit of 715576?
7
What is the hundred thousands digit of 236553?
2
What is the thousands digit of 6198913?
8
What is the tens digit of 563771?
7
What is the units digit of 317567?
7
What is the ten thousands digit of 149075?
4
What is th